n base 15, what is 32 + -b6112?
-b60d0
In base 5, what is 0 + -1033243342?
-1033243342
In base 5, what is 12220123 + 400?
12221023
In base 5, what is -10 - -101031243004?
101031242444
In base 16, what is 18 - 4997c?
-49964
In base 6, what is 241021333 + 5?
241021342
In base 8, what is -73103 + 6?
-73075
In base 5, what is 100333 - -3334033?
3434421
In base 11, what is -2 - -20a5417a?
20a54178
In base 3, what is 102100222 + -220022210?
-110221211
In base 12, what is 28 - -8b4a8?
8b514
In base 7, what is -11 + -214421?
-214432
In base 6, what is 30251 - 251031?
-220340
In base 11, what is 23073283 + -15?
23073269
In base 16, what is -655fc5 + 15?
-655fb0
In base 8, what is 4250564041 + -5?
4250564034
In base 4, what is -10 + -3100211031310?
-3100211031320
In base 15, what is de1a + -d77?
d093
In base 11, what is -261a - -456?
-2174
In base 5, what is -23 + -21014103212?
-21014103240
In base 4, what is -223 + 30203300?
30203011
In base 9, what is 15552 - -534?
16186
In base 13, what is -a - 442852?
-44285c
In base 8, what is 24 - 2220774?
-2220750
In base 4, what is -21101113 - 12230013?
-33331132
In base 15, what is -87c - -e297?
d91a
In base 6, what is 1304115512 - 2?
1304115510
In base 2, what is -101010111011101001111000 + 10?
-101010111011101001110110
In base 4, what is 11 - 230001202?
-230001131
In base 10, what is -164 + 44613?
44449
In base 15, what is 2c8 - 375?
-9c
In base 4, what is -10 + 11220012001?
11220011331
In base 16, what is 56c1 + 57ed?
aeae
In base 13, what is 721 + 1599?
1cba
In base 2, what is -10010101001100001011001100 - -110?
-10010101001100001011000110
In base 2, what is 10001100110010 + -111001111111?
1010010110011
In base 7, what is -43305612165 - 3?
-43305612201
In base 2, what is 11010011110110111011111010 - -10?
11010011110110111011111100
In base 7, what is 1116053114 + -4?
1116053110
In base 11, what is 59499 - 876?
58723
In base 10, what is 6 - -15215371?
15215377
In base 16, what is -4a - 1ce2b1?
-1ce2fb
In base 4, what is 0 - 13320222112?
-13320222112
In base 13, what is a25267 + 36?
a252a0
In base 13, what is 4 + 1111b7?
1111bb
In base 8, what is -5056 + 23656?
16600
In base 11, what is -79262 + 99?
-79174
In base 7, what is -6426163 + 12?
-6426151
In base 14, what is -adc59 - -13?
-adc46
In base 8, what is 1 - 64277067?
-64277066
In base 2, what is -100010011 - -111000100100101?
111000000010010
In base 12, what is 42911b5 - -5?
42911ba
In base 2, what is -10001 + 101101110100110001010?
101101110100101111001
In base 9, what is 773505 - 316?
773178
In base 13, what is -90011 + 1b?
-8ccc3
In base 8, what is 235214 + 5744?
243160
In base 11, what is -7 + -7556464?
-7556470
In base 10, what is -12513 - -9683?
-2830
In base 9, what is -5 - 268606035?
-268606041
In base 4, what is 11 + -31220033121?
-31220033110
In base 8, what is -1556247 + -211?
-1556460
In base 12, what is -146867 - 1b9?
-146a64
In base 2, what is -10111101110110000110110 + -1000?
-10111101110110000111110
In base 9, what is 4 - 14651561?
-14651556
In base 8, what is 3 + -2514761277?
-2514761274
In base 11, what is 28972182 - 0?
28972182
In base 3, what is 12202011100 - 2000?
12202002100
In base 13, what is -20a - -c47?
a3a
In base 15, what is 4 - c71cab?
-c71ca7
In base 13, what is 29953 + -811?
29142
In base 8, what is 5 - 327045462?
-327045455
In base 11, what is 5399 + 67a?
5a68
In base 15, what is 1192196 - 3?
1192193
In base 15, what is -1cd2b - -74?
-1cca7
In base 14, what is -1 - -6974069?
6974068
In base 15, what is b + 319d66a?
319d676
In base 2, what is 0 - -101010000011110001101101?
101010000011110001101101
In base 10, what is -1856610 - 185?
-1856795
In base 16, what is 1c25 + 10907?
1252c
In base 15, what is -7 + -314694?
-31469b
In base 12, what is -4 - -10b7524b?
10b75247
In base 11, what is -14 + -258a812?
-258a826
In base 7, what is 614016 - -111?
614130
In base 5, what is 1000313323 + -114?
1000313204
In base 13, what is 1 - -246320c?
2463210
In base 14, what is -351d57 + 21?
-351d36
In base 14, what is 32a6aa + -5?
32a6a5
In base 13, what is -151842 + 190?
-151682
In base 3, what is -1101201101002 + 0?
-1101201101002
In base 2, what is 10000101110110 - -1011001011111?
11011111010101
In base 7, what is -3565 + 23220?
16322
In base 10, what is -5155749 - -7?
-5155742
In base 16, what is d + fdaf1?
fdafe
In base 4, what is 130103 - 103332201?
-103202032
In base 11, what is 19 + -3a5a34?
-3a5a16
In base 16, what is 5 - ab0c61?
-ab0c5c
In base 7, what is 2161 - -3266213?
3301404
In base 7, what is -144 + -1551646?
-1552123
In base 9, what is -38 - 186611?
-186650
In base 11, what is 1298330a - -15?
12983324
In base 13, what is -1475bb1 + -4?
-1475bb5
In base 13, what is -81 + -a5a90?
-a5b41
In base 3, what is -2212010 - -1002112011?
222200001
In base 9, what is -68 + 3038743?
3038664
In base 10, what is 6535206 + 92?
6535298
In base 8, what is 22677404516 + -2?
22677404514
In base 14, what is -1a00b3 - -6d?
-1a0044
In base 14, what is 1a9 + -17b012?
-17ac47
In base 4, what is 331212 - 3323233?
-2332021
In base 7, what is -16620523441 - 5?
-16620523446
In base 7, what is 1044 - 104463?
-103416
In base 7, what is 231 + -11330512?
-11330251
In base 11, what is 5 - a96263?
-a96259
In base 5, what is 4202 + 2334?
12041
In base 11, what is -1601 + -286?
-1887
In base 2, what is -110 - -10000010100111100110000?
10000010100111100101010
In base 13, what is 24816a + -30?
24813a
In base 13, what is -4 - 930648c?
-9306493
In base 11, what is -70947 + -859?
-716a5
In base 15, what is 1 + -277531?
-277530
In base 13, what is 2 + 411a84bc?
411a84c1
In base 13, what is -320993 + -7?
-32099a
In base 12, what is 3b22947 - 9?
3b2293a
In base 10, what is 261089 + 104?
261193
In base 4, what is 1301212103 - 10321?
1301201122
In base 6, what is 5 - -2132000205?
2132000214
In base 8, what is 13477557 + 6?
13477565
In base 4, what is 0 + -23232010120223?
-23232010120223
In base 12, what is -16 - 58b995?
-58b9ab
In base 2, what is 10000111101111 - 1000011110111111?
-110010111010000
In base 16, what is -145 - -165a?
1515
In base 2, what is 11010111010101001001111001 - 1?
11010111010101001001111000
In base 10, what is 3 - -11037797?
11037800
In base 15, what is -14b + -1d315?
-1d461
In base 11, what is 7a1295 + a8?
7a1392
In base 7, what is 344240 - 131556?
212351
In base 11, what is -1 - 37594625?
-37594626
In base 15, what is -e0e192 - 7?
-e0e199
In base 6, what is -1 + -43354220?
-43354221
In base 10, what is 4 + 44501699?
44501703
In base 14, what is -82badac + -b?
-82badb9
In base 14, what is 17ca8c5 + 23?
17ca908
In base 8, what is -5664455 - -74?
-5664361
In base 6, what is 305553312 + -4?
305553304
In base 2, what is -110110110 + 1001001111001010?
1001001000010100
In base 11, what is 3a109a1 + -17?
3a10985
In base 14, what is -1 - -80326b5?
80326b4
In base 13, what is -3419cb8 - -35?
-3419c83
In base 12, what is -217b1957 - 4?
-217b195b
In base 13, what is 6074 + -89c7?
-2953
In base 16, what is -20a + 476e3?
474d9
In base 10, what is 39373 + 91?
39464
In base 7, what is 3265 - -335030?
341325
In base 11, what is -a68300 + 6?
-a682a5
In base 15, what is 1706a - 1?
17069
In base 13, what is c64b4 - 113?
c63a1
In base 5, what is 304042 + 44004?
403101
In base 5, what is 102042 - -3202411?
3310003
In base 8, what is 3 + -2273735?
-2273732
In base 15, what is -1 + -121a25b8?
-121a25b9
In base 8, what is 4 - 103454570?
-103454564
In base 6, what is -13140231210 - 1?
-13140231211
In base 12, what is b + 6493b1?
649400
In base 7, what is 1 + -6201053?
-6201052
In base 15, what is 15835 + -1a4?
15681
In base 13, what is 7 - 5987a3?
-598799
In base 10, what is 1 + -474389?
-474388
In base 14, what is 3d7c6 - 8?
3d7bc
In base 4, what is -20 - -3013212312003?
3013212311323
In base 5, what is -1322042104 - 120?
-1322042224
In base 9, what is -203 + -25314?
-25517
In base 14, what is c9466 - -1?
c9467
In base 8, what is 1 + -23413021?
-23413020
In base 10, what is -21049670 + -35?
-21049705
In base 15, what is -5 - -131a6cbc?
131a6cb7
In base 9, what is 18772410 - -3?
18772413
In base 4, what is -101103112 - -13131?
-101023321
In base 13, what is 5cc - b86?
-587
In base 5, what is -2023441012 + 0?
-2023441012
In base 16, what is -71 - -37a91?
37a20
In base 9,